{"id":50,"date":"2020-05-24T11:29:43","date_gmt":"2020-05-24T11:29:43","guid":{"rendered":"http:\/\/shoptest.das-addis-projekt.de\/?page_id=50"},"modified":"2022-11-02T21:34:20","modified_gmt":"2022-11-02T21:34:20","slug":"homepage","status":"publish","type":"page","link":"https:\/\/honigdusche-shop.de\/","title":{"rendered":""},"content":{"rendered":"\n<div class=\"wp-block-group alignfull\"><div class=\"wp-block-group__inner-container\">\n<p><\/p>\n\n\n\n<p class=\"has-text-align-center\">Hier kannst du das Booklet &#8222;Das gr\u00f6\u00dfte Geschenk&#8220; f\u00fcr deine Kinder downloaden.<\/p>\n\n\n\n<p class=\"has-text-align-center\"><\/p>\n<\/div><\/div>\n","protected":false},"excerpt":{"rendered":"","protected":false},"author":1,"featured_media":0,"parent":0,"menu_order":0,"comment_status":"closed","ping_status":"closed","template":"","meta":[],"_links":{"self":[{"href":"https:\/\/honigdusche-shop.de\/index.php?rest_route=\/wp\/v2\/pages\/50"}],"collection":[{"href":"https:\/\/honigdusche-shop.de\/index.php?rest_route=\/wp\/v2\/pages"}],"about":[{"href":"https:\/\/honigdusche-shop.de\/index.php?rest_route=\/wp\/v2\/types\/page"}],"author":[{"embeddable":true,"href":"https:\/\/honigdusche-shop.de\/index.php?rest_route=\/wp\/v2\/users\/1"}],"replies":[{"embeddable":true,"href":"https:\/\/honigdusche-shop.de\/index.php?rest_route=%2Fwp%2Fv2%2Fcomments&post=50"}],"version-history":[{"count":67,"href":"https:\/\/honigdusche-shop.de\/index.php?rest_route=\/wp\/v2\/pages\/50\/revisions"}],"predecessor-version":[{"id":565,"href":"https:\/\/honigdusche-shop.de\/index.php?rest_route=\/wp\/v2\/pages\/50\/revisions\/565"}],"wp:attachment":[{"href":"https:\/\/honigdusche-shop.de\/index.php?rest_route=%2Fwp%2Fv2%2Fmedia&parent=50"}],"curies":[{"name":"wp","href":"https:\/\/api.w.org\/{rel}","templated":true}]}}